 + 6))/1. Let u(k) = -6*k**3 + k**2 - 3*k - 3. Is u(q) a composite number?
False
Suppose -4*a + 10108 = 4*n, 6*n - 3*n = 5*a + 7613. Is n a composite number?
False
Let x(m) = -m**3 - 4*m**2 + 4*m - 7. Let z be x(-5). Let u(l) = -8*l**2 + 3*l + 6. Let j(b) = -9*b**2 + 2*b + 5. Let r(w) = -5*j(w) + 4*u(w). Is r(z) composite?
False
Let j(l) = 2*l**3 - 2*l**2 - l - 2. Let s(r) = -r**3 + 9*r**2 - 9*r + 10. Let i be s(8). Let t be j(i). Suppose -39 = -m - t. Is m a composite number?
True
Let h = 131 - 82. Is h a composite number?
True
Is ((3 - 20/6)*3261)/(-1) prime?
True
Let k(z) = -z + 43. Suppose 0 = l + l. Is k(l) a prime number?
True
Let s(p) be the second derivative of p**3/6 + 23*p**2/2 + p. Let o be 2/(2 - 0) + -1. Is s(o) a prime number?
True
Let s be ((-3)/(-9)*0)/(-1). Suppose 3*i + 6 = -s*i. Is ((-124)/(-6))/(i/(-3)) a prime number?
True
Suppose -2*p - 2 = -2*f - 0*p, 2*p - 4 = 0. Suppose f*s - 334 = 275. Is s prime?
False
Suppose -3*d = 2*d - 20. Suppose 2 = d*q - 22. Is ((-82)/q)/(6/(-54)) prime?
False
Let u(p) = -p**3 - 4*p**2 - 3*p - 4. Let c be u(-6). Suppose -3*l + 4*z = -l + 152, -c = l + 3*z. Let h = l - -133. Is h prime?
True
Let x(g) = 9*g**2 + 10*g + 17. Is x(6) composite?
False
Suppose 10*f - 7*f - 633 = 0. Is f prime?
True
Let i(k) be the second derivative of 11*k**4/12 - k**3/6 + 7*k**2/2 + k. Is i(-5) a prime number?
False
Suppose -6*w + 3*w = -306. Is w/5*(-5)/(-2) a composite number?
True
Let f = -7 - -19. Let a = 2 + f. Is a a prime number?
False
Let j = 132 + -80. Suppose 2*p = 0, l - 2*p = j + 39. Is l a prime number?
False
Let f(c) = c**2 - 11*c - 19. Is f(20) composite?
True
Let h = 9 - 6. Let w be (-7)/h*(-2 - 1). Let f = 9 - w. Is f composite?
False
Suppose a = -3*a. Suppose a*w - 136 = -4*w. Is w prime?
False
Let z(d) = d**3 + 6 + 3 + 13*d**2 - 5*d**2. Is z(-7) a composite number?
True
Is 0 + 1/(0 + (-4)/(-7196)) a composite number?
True
Suppose 127 = 13*u - 12*u. Is u composite?
False
Let c(x) = x**3 + 6*x**2 + 6. Let j = -3 - -7. Suppose -j*r + 9*r + 30 = 0. Is c(r) a composite number?
True
Let m be (-1 + 0)/(2/(-4)). Suppose r + 0*z = m*z - 188, -2*z + 8 = 0. Let y = 43 - r. Is y prime?
True
Let t(l) = -4*l**2 - 3*l - 4. Suppose -3*m + m - 10 = 0. Let a(n) = -5*n**2 - 3*n - 5. Let j(o) = m*a(o) + 6*t(o). Is j(6) a composite number?
False
Suppose 3*r = 2*t + 2, 0*r + 2*t = -2*r + 8. Let a(v) = 17*v + 1. Is a(r) composite?
True
Is (6 - 7)/((-2)/1042) prime?
True
Suppose 1755 = 3*b - 3*m, 0 = -4*b - 5*m + 2244 + 114. Is b a prime number?
True
Suppose -4*n + 2*r = 314, -3*n - n - 332 = 4*r. Let h = -57 - n. Is h a composite number?
False
Is 2*(12/8 + -1)*10937 composite?
False
Suppose -4*p + 3*m = -46, -p - 6 = -m - 18. Let w = -6 + p. Suppose 5*z = y - 63 + 276, w*y = 4*z - 164. Is z a prime number?
True
Let x = -4 - -4. Suppose 4*u + u - 155 = x. Is u a prime number?
True
Let g = -383 + 676. Is g a composite number?
False
Suppose m + 600 = 4*w - 4*m, -w + 5*m = -165. Is w a composite number?
True
Let s(d) = d**2 + d. Let i be s(-1). Let q(x) = -x**2 - x + 291. Let k be q(i). Suppose 5*o - 303 = 4*u, -7*o + 2*o - 2*u = -k. Is o composite?
False
Let a = -2062 - -3401. Is a a prime number?
False
Let c(s) be the third derivative of -7*s**4/12 - 7*s**3/6 - 6*s**2. Is c(-7) composite?
True
Is (1/(4/(-4778)))/((-15)/30) composite?
False
Suppose 5*z = 10 + 35. Suppose 3*b - z = -5*o - 1, -o + 20 = -4*b. Suppose -3*k + 399 = -o*w - w, -3*k = w - 399. Is k a prime number?
False
Let i = -802 - -2537. Is i composite?
True
Suppose -3*d + 1 = -4*d. Let q(l) = 1. Let m(k) = 9*k + 9. Let i(g) = d*m(g) - 3*q(g). Is i(-11) composite?
True
Is (-22 - -1)*(-28)/12 a composite number?
True
Let g(s) = 4*s + 1. Let y be g(1). Suppose -a = -2*m + 6, -3 = -3*m + 2*a + y. Suppose 5*t = x + 260, 4*x + 101 = m*t - 91. Is t prime?
True
Let f(h) = 11*h**2 - h - 4. Suppose 5*w - 2*m - 13 = -3*m, 2*w + 2*m = 2. Let z be f(w). Let k = -54 + z. Is k a composite number?
True
Let v = -6 - 6. Is (-6)/(-5)*(-210)/v a prime number?
False
Let n = 35 + -85. Let z be 1/(-3) + n/(-6). Is (-92)/(-16) + 2/z a composite number?
True
Let y = -28 + 58. Suppose y = o + o. Is -9*(1 - o/9) prime?
False
Let a(x) = x**2 - 7*x - 22. Let l be a(9). Is 257 + (-2)/l*-8 a composite number?
True
Suppose 7*z - 5*z = 2078. Is z composite?
False
Let v = -75 - -27. Let a = v - -83. Is a prime?
False
Suppose 0 = -k, n = -0*n + 4*k + 160. Let s = n + -81. Is s composite?
False
Let g = -203 + 414. Is g composite?
False
Suppose 2*q = -0*q. Suppose -m + 9 - 4 = q. Let b = m + 4. Is b a prime number?
False
Let v = -58 - -91. Is v a prime number?
False
Let c = 1 + -1. Suppose -4*b = -3*v - b + 201, v - 67 = -2*b. Suppose v = -c*q + q. Is q a composite number?
False
Let b be (-4 - -1)/((-2)/(-18)). Let i(w) = -46*w**3 - w + 1. Let o be i(1). Let u = b - o. Is u a composite number?
False
Let r(f) = 0*f + 2*f + 2 - 6*f**2 - f**3 - 6*f. Let k(o) = -2*o**2 + 1. Let m be k(-2). Is r(m) prime?
True
Let r(j) = -j**3 - 4*j**2 - 4*j**2 - 3*j**2 + 3 - 7*j. Let w be r(-10). Let a = 6 - w. Is a composite?
True
Let s(x) = -2*x**2 - 12*x - 17. Let i(o) = o - 1. Let r(y) = i(y) - s(y). Is r(-11) a composite number?
True
Let w(l) = 2*l**3 - 2*l**2 + 6*l - 4. Let o(p) = p**3 - p**2 + 3*p - 2. Let s(x) = 13*o(x) - 6*w(x). Suppose 3*q - 3 = 3, 5*f - 31 = -3*q. Is s(f) prime?
True
Let d = 4 + -2. Suppose 4 = -d*g, -g = 2*x + 2*g - 46. Is x composite?
True
Suppose b + 4*b = -4*r + 1363, -5*b = 3*r - 1361. Suppose -y + 43 = -5. Let f = b - y. Is f a prime number?
True
Let x be 4/(-18) - 274/(-18). Let i(l) = 26*l**2. Let h be i(1). Let f = h - x. Is f a prime number?
True
Suppose 6*j - j - 3365 = 0. Is j composite?
False
Suppose 0 = 3*w + 2*l - 17, -2*l + 1 = -w - 4. Is w + -1 - 74/(-2) prime?
False
Let f = -417 + 958. Is f a composite number?
False
Suppose 303 + 264 = h - 2*d, 2*h = 2*d + 1140. Is h a composite number?
True
Let k(d) = -37*d**3 - 2*d**2 + 3*d + 5. Is k(-3) a composite number?
False
Suppose -3*r + 4*g - 6 + 21 = 0, 2*r - 3*g = 10. Suppose -r*t + 156 = -264. Let l = 131 - t. Is l composite?
False
Let w(s) = s**2 + 3*s - 4. Let m be w(-4). Suppose m = 3*r + r. Is (r + -1 + -1)*-17 a composite number?
True
Let w(r) = 6*r**2 - 3*r - 2. Let d(i) = -7*i**2 + 2*i + 3. Let k(z) = 5*d(z) + 6*w(z). Let t be k(8). Is t*((-2)/(-2) + 6) composite?
True
Suppose 4*d - 2155 = -5*c + 2*c, -3597 = -5*c - 4*d. Is c a composite number?
True
Let i be 6/5*10/4. Let f be i*(-3)/(18/(-46)). Suppose -f - 5 = -4*p. Is p prime?
True
Let j(d) = -443*d + 2. Let a be j(1). Let z = 620 + a. Is z prime?
True
Let x(r) = 3*r**3 + 2*r**2 + 5*r - 7. Is x(5) a prime number?
True
Let c(b) be the first derivative of -8*b**2 - b + 2. Let g(l) = 48*l + 2. Let t(y) = 7*c(y) + 2*g(y). Is t(-5) a prime number?
False
Suppose 3*r + 6 = 5*r. Suppose 3*b - 4*h - 85 = 0, 0 = b - 4*b + r*h + 84. Suppose 4*k + b = 167. Is k composite?
True
Let t be 84/35 - 3/(-5). Suppose -m = -t*m + 298. Is m a composite number?
False
Let z(n) = -19*n + 34. Let y(q) = 13*q - 23. Let c(t) = -7*y(t) - 5*z(t). Is c(7) a prime number?
True
Suppose k - 2*v - 12 = -3*k, -5*k + 13 = -3*v. Suppose 0 = f - k + 2. Is 1/(f + (-690)/231) prime?
False
Let x(t) be the second derivative of 35/2*t**2 + 1/12*t**4 - t + 1/6*t**3 + 0. Is x(0) prime?
False
Is 0 - 3 - -4 - 1384/(-1) a composite number?
True
Suppose -34156 = -9*i + 10025. Is i composite?
False
Let x(d) = d**3 - 5*d**2 - 6*d - 2. Let w be x(-5). Is w/4*(-20)/6 a prime number?
False
Let z(g) = -4*g + 1. Let d be z(1). Let r be ((d - -2) + 1)/1. Suppose -k + 3*k - 26 = r. Is k prime?
True
Suppose -j + 1 + 0 = 0. Let r(k) = 78*k**3 - 2*k**2 + 2*k - 1. Is r(j) prime?
False
Let n = 113 + -9. Suppose h - n = -3*h. Let p = h - -12. Is p a composite number?
True
Suppose -s + 29 + 17 = 0. Is s prime?
False
Suppose 4*m + 1 = 9. Suppose 0 = -7*x + m*x. Suppose -u + 39 = 4*n, x*n - u = -5*n + 60. Is n a prime number?
True
Suppose 116 = o - 540. Suppose 4*s + 5*x = o, s + 3*x - 206 = -35. Is s a prime number?
False
Let z = -47 - -21. Let i = 8 - z. Is i composite?
True
Let j(h) = -h**3 + 9*h**2 - 7*h - 4. Let w be j(8). Suppose -4*y - w*t = -8, -3*y + 11 = -2*t - 20. Let o = y + 3. Is o a composite number?
True
Let m 